is -34104234 - -1?
-34104233
In base 4, what is -3230112003 - -10?
-3230111333
In base 10, what is -1 + 26970?
26969
In base 2, what is -10100011000111 - -10001?
-10100010110110
In base 12, what is 1015 + -563?
672
In base 6, what is -2 - 20325?
-20331
In base 3, what is -220121 + -11000?
-1001121
In base 10, what is -1318 - -85?
-1233
In base 7, what is -1 - -2255423?
2255422
In base 4, what is -13223 - 10?
-13233
In base 12, what is 3a6b - 83?
39a8
In base 2, what is 100100011011101 + 101?
100100011100010
In base 13, what is -2 + 49899?
49897
In base 4, what is -22010202 + -1000?
-22011202
In base 4, what is 121301221 + 1?
121301222
In base 14, what is 4527 + -133?
43d4
In base 9, what is -146 + 2140?
1883
In base 2, what is -1101101001101100001 - 101?
-1101101001101100110
In base 15, what is -5 - 44795?
-4479a
In base 12, what is -462077 - -2?
-462075
In base 10, what is -108 + 19062?
18954
In base 6, what is -12114 - -103?
-12011
In base 8, what is -27452017 - -2?
-27452015
In base 16, what is -4 + -2ec8?
-2ecc
In base 4, what is -10 + 133120330?
133120320
In base 12, what is 36266 - 5?
36261
In base 6, what is 42 - -24520?
25002
In base 12, what is 1 - 69b?
-69a
In base 3, what is 20212 - -222112120?
222210102
In base 6, what is -35 + -23?
-102
In base 15, what is c + 970d?
971a
In base 7, what is 5214 + -53?
5131
In base 11, what is -1 + a79?
a78
In base 12, what is 27b9 + -8?
27b1
In base 6, what is 3335004 - -3?
3335011
In base 5, what is -3211131 + -2?
-3211133
In base 6, what is 1235 - -5353?
11032
In base 10, what is 36961 + -63?
36898
In base 16, what is -4 - c11f?
-c123
In base 9, what is 5 + 2015873?
2015878
In base 9, what is 0 - -864450?
864450
In base 14, what is -8 - 2b5c3?
-2b5cb
In base 3, what is 2221000 - 112?
2220111
In base 12, what is 14 + 1a20?
1a34
In base 8, what is 355457 + -1?
355456
In base 7, what is 0 - -160616?
160616
In base 8, what is 5 - -152433?
152440
In base 11, what is 50 - 907?
-867
In base 12, what is -14a0 + 10?
-1490
In base 9, what is -2811 - 10?
-2821
In base 7, what is 1622 + -1525?
64
In base 8, what is 4553 - -14?
4567
In base 16, what is -8f - b?
-9a
In base 13, what is 52ba + 5?
52c2
In base 16, what is 74 + -6f?
5
In base 16, what is 560 + -589?
-29
In base 16, what is 4 - 1beac?
-1bea8
In base 14, what is 4 + -7848?
-7844
In base 2, what is -1 - 10111110101110100011?
-10111110101110100100
In base 9, what is -804 + -528?
-1433
In base 2, what is 10010111 - 1011000?
111111
In base 6, what is -2 - 1402300?
-1402302
In base 9, what is 2210161 + -5?
2210155
In base 16, what is -1a4 - -49?
-15b
In base 3, what is 1120010 + -1102?
1111201
In base 2, what is -10 + -10000001000010?
-10000001000100
In base 12, what is 39a + 190?
56a
In base 13, what is 185 - -552c?
56b4
In base 4, what is -2 - 32111000?
-32111002
In base 9, what is 1410 + 5?
1415
In base 9, what is 7 + -28613?
-28605
In base 12, what is -33a3 - -57?
-3348
In base 15, what is -cbeaa - -5?
-cbea5
In base 11, what is -332 - -33?
-2aa
In base 15, what is 3 + 14d0b?
14d0e
In base 2, what is 110101000101110 + 100100011?
110101101010001
In base 12, what is 79 - 504a?
-4b91
In base 10, what is 3063 + 117?
3180
In base 6, what is 141 - 354?
-213
In base 4, what is -1031 - 31301?
-32332
In base 8, what is 51035 - 12?
51023
In base 14, what is 16 + c69?
c81
In base 14, what is -55 + -911?
-966
In base 6, what is -11 + -243134?
-243145
In base 15, what is -4 + -3183?
-3187
In base 7, what is 4 + -126242?
-126235
In base 16, what is -7 + 2fc0c?
2fc05
In base 5, what is 0 + -3412040?
-3412040
In base 13, what is 66c - -82?
721
In base 2, what is 1101001010101 - 10000011?
1100111010010
In base 15, what is 3b09 - 4?
3b05
In base 12, what is -7ab - -61?
-74a
In base 4, what is 1003321322 - -11?
1003321333
In base 6, what is -14 + 342542?
342524
In base 4, what is 23031 - -11?
23102
In base 2, what is 10001010001001100101 - 10?
10001010001001100011
In base 5, what is 2 - -14304414?
14304421
In base 6, what is 21455434 + 1?
21455435
In base 8, what is 712 + 101?
1013
In base 2, what is 10110000101110101111101 - 1?
10110000101110101111100
In base 10, what is -237 - 1?
-238
In base 7, what is -355260 + -2?
-355262
In base 2, what is 11000101 + -101111011?
-10110110
In base 8, what is -65 - -211?
124
In base 11, what is -4 + 12353a1?
1235398
In base 13, what is 1277 + 26?
12a0
In base 6, what is -11043 + 2012?
-5031
In base 15, what is -1d - 42?
-60
In base 14, what is -117 + -10a?
-223
In base 12, what is 5 - -4b57?
4b60
In base 16, what is -36 - -1ad2?
1a9c
In base 7, what is -3414 - -6?
-3405
In base 3, what is 1 + 1210022201100?
1210022201101
In base 15, what is -9e + 324?
275
In base 8, what is 75075 - 0?
75075
In base 7, what is 5 - 123351?
-123343
In base 8, what is -5 - 74546?
-74553
In base 15, what is d89 - 240?
b49
In base 15, what is -3 - -1abc7?
1abc4
In base 12, what is -17271 + -2?
-17273
In base 11, what is -101 - -2974?
2873
In base 3, what is 1121 - -220?
2111
In base 11, what is -5351a - 2?
-53521
In base 4, what is -2030 - 230?
-2320
In base 3, what is 21121102 - 2?
21121100
In base 4, what is -11 + 1333113?
1333102
In base 5, what is 2 + 133211012?
133211014
In base 5, what is 24123201 + 2?
24123203
In base 5, what is 101424221 + -4?
101424212
In base 14, what is 5 + 3ba8a?
3ba91
In base 15, what is 5 - 8bbd?
-8bb8
In base 3, what is 101121022 + 0?
101121022
In base 5, what is -344333 + 0?
-344333
In base 12, what is 157 - 5801?
-5666
In base 3, what is -11 + -2000101112?
-2000101200
In base 6, what is 323 + 355335?
400102
In base 13, what is 11c149 + 5?
11c151
In base 2, what is 1100011001101011011 - -11?
1100011001101011110
In base 4, what is 213 + 121001?
121220
In base 13, what is -19a + 873b?
8571
In base 12, what is 465 - -345?
7aa
In base 5, what is -2142 - 414?
-3111
In base 11, what is 64700 - 7?
646a4
In base 8, what is -15 - 333313?
-333330
In base 10, what is -11 - 3191?
-3202
In base 2, what is 101010011 + -100111100?
10111
In base 4, what is 330 + -1010333?
-1010003
In base 16, what is -27a28 - 5?
-27a2d
In base 14, what is -4 + -2469?
-246d
In base 8, what is -1 + 1162044?
1162043
In base 2, what is 100 + 111010001100010000?
111010001100010100
In base 3, what is -200220020 + 1101?
-200211212
In base 6, what is 1353 - -25044?
30441
In base 4, what is 10 + 122023301?
122023311
In base 4, what is 13322 - 2330?
10332
In base 4, what is -100023 + 120203?
20120
In base 16, what is 7 - -1f2fd?
1f304
In base 10, what is 3163 - 34?
3129
In base 14, what is 1792 - 74?
171c
In base 13, what is 16b0 - -87?
1767
In base 15, what is 10a - 6a69?
-695e
In base 4, what is -1 + -110301023?
-110301030
In base 6, what is -100253 + 0?
-100253
In base 15, what is 57ac6 + 0?
57ac6
In base 10, what is 85292 + -3?
85289
In base 2, what is -101111010001 + -10000000?
-110001010001
In base 11, what is -15 - -7837?
7822
In base 9, what is -700130 + 1?
-700128
In base 3, what is 20111011 + 21122?
20202210
In base 13, what is -17 - -3a?
23
In base 15, what is 19e8 - -37?
1a30
In base 13, what is -4 + -3876ba?
-3876c1
In base 6, what is 405514 - 3?
405511
In base 16, what is 9d2f + 5?
9d34
In base 4, what is -131333 + 21?
-131312
In base 6, what is 5541 - 102?
5435
In base 9, what is -3074 - 438?
-3523
In base 8, what is 2 - 67011?
-67007
In base 2, what is -10100101011101110 - -11?
-10100101011101011
In base 3, what is -1000 - -21222112?
21221112
In base 7, what is -40503 + -341?
-41144
In base 14, what is 12a2 + -1a?
1286
In base 5, what is 2 + 2423230?
2423232
In base 15, what is -2 - db8a1?
-db8a3
In base 13, what is 4 - -670?
674
In base 9, what is -38 + -876?
-1025
In base 5, what is -10312 + -31213?
-42030
In base 9, what is -43251 - 4?
-43255
In base 13, what is 3a700 + 2?
3a702
In base 9, what is 5286754 + 0?
5286754
In base 11, what is a84 - -228?
1201
In base 16, what is 4 - -22ee5?
22ee9
In base 4, what is -11223 + 30203?
12320
In base 5, what is 41240 + 10?
41300
In base 6, what is 111 + 120551?
121102
In base 9, what is 27106 - 2?
27104
In base 2, what is -110100000 - 1100?
-110101100
In base 3, what is 211221 + 121?
212112
In base 5, what is -440 - -34222?
33232
In base 2, what is -1011001 - 10111110010?
-11001001011
In base 9, wha